 is the value of -4 - (0 + (5 + -5 - 10))?
6
Evaluate (0 - 7 - -4) + 2.
-1
Calculate 17 - 13 - (3 - (-3 + 2)).
0
Evaluate -7 - (-1 + 5 - (-9 - -15)).
-5
Calculate -4 + 4 + 4 + -4.
0
Evaluate -3 - (5 - 10) - 6.
-4
What is -1 - 2 - ((0 - 2) + 2)?
-3
Evaluate (-7 - (-15 + (5 - -2))) + -6.
-5
What is (2 - 0 - 3) + 2 + -1?
0
Evaluate (-1 - 0 - -2) + (0 - 1).
0
Evaluate 7 + -1 + (-9 - -9).
6
What is the value of 8 - (6 - (-1 + -9))?
-8
What is the value of 12 + 3 + 4 + -14?
5
Calculate -10 + 12 + 0 + 0.
2
Calculate -3 + 7 + -12 + 15 + 1.
8
Evaluate 8 + -5 + -2 - 7.
-6
What is 3 - (1 + (5 - 1))?
-2
33 - 29 - (-2 - (-10 - -2))
-2
Evaluate 5 + ((-2 - 2) + -6 - -5).
0
Calculate 0 - (1 + 1 + -3).
1
2 + (-3 + 5 - 0) + -2
2
(-5 - (4 - 13)) + -2
2
What is 5 - (15 - 8 - 9)?
7
10 + -8 + -4 + (-3 - -1)
-4
What is (0 - (-7 - -3) - 0) + -1?
3
What is -2 - (2 + (4 - 5)) - 3?
-6
Evaluate 1 + 0 + -1 + -2 + 3.
1
What is the value of 11 + (2 + -2 - 7)?
4
Evaluate (-3 + 8 - 8) + 6.
3
33 - 30 - (-1 - -1)
3
Evaluate -7 - -9 - (-6 + 3 + 2).
3
What is 1 + (5 - 11) - -5?
0
Evaluate 0 - -1 - (8 - -2 - 8).
-1
Calculate -11 + (0 - (11 + -17)).
-5
Calculate 2 - 6 - (7 - 5 - 2).
-4
-2 - (-6 + -3) - 9
-2
Evaluate -3 - (7 - (3 + (-5 - -9))).
-3
-5 - (-5 - (-6 + 0))
-6
What is the value of 2 - (5 - 3) - -5 - 0?
5
What is the value of (1 - 0) + 7 + 3 + -15?
-4
Calculate 6 + 7 + -27 + 7 + 9.
2
What is -3 + 7 - (-2 - -1)?
5
Calculate -1 - -5 - (11 - -1).
-8
What is the value of -4 + (4 - 9) + 10?
1
Evaluate 3 - (7 + -4 + -1).
1
Calculate (5 - 3 - (-1 - 0)) + 0.
3
Evaluate -10 + (-14 + 10 - -13).
-1
What is (10 + -5 - 4) + 4?
5
What is the value of -6 + 7 + -7 - -5?
-1
What is -4 - ((-2 - 1) + 1 - 3)?
1
Calculate 10 - 6 - (-5 - (1 - 4)).
6
Evaluate -22 + 19 + (0 - -4).
1
7 - ((0 + -2 - 1) + 8)
2
What is -4 - ((-1 - -7) + -7)?
-3
What is -1 + -4 + 5 + 5?
5
What is the value of -7 + 7 - (-5 - 0)?
5
What is 5 + -8 + 7 + -5?
-1
-10 + (15 - (-3 - -9))
-1
Calculate -23 + 21 - (0 + -3).
1
What is the value of -2 + (9 - -2 - 4)?
5
Evaluate (-2 - -4) + (-8 - -6) - 5.
-5
What is the value of (-4 - -3) + -10 + 6?
-5
Calculate (-7 - 0 - -5) + -4.
-6
What is the value of 0 - 3 - (2 - 0) - -2?
-3
Calculate 10 + -2 - (-4 + 3 - -3).
6
What is the value of 2 - (-4 + 0 + 1) - 3?
2
What is the value of (-7 - (16 - 10)) + (2 - -3)?
-8
What is the value of -1 - (0 - 3 - -4)?
-2
What is 2 + (-2 - (5 + -8 - -1))?
2
(-6 + -3 + 7 - -6) + -2
2
Calculate 8 + -2 + 0 - 2.
4
What is 0 + -6 + -10 + 13?
-3
What is -2 - 3 - (-2 + -3)?
0
Evaluate 8 + -4 + 0 + 6.
10
What is the value of 4 + (-16 + 3 - 3 - -5)?
-7
Evaluate 4 + (5 - (-4 + 8)).
5
What is the value of -3 + (-9 - -3) + 5?
-4
(-8 - -1) + -1 + 8
0
What is 6 + 4 + (-8 - -1)?
3
What is -4 - (-10 + 6 + -1)?
1
Evaluate 2 + 0 + -4 - 1 - -2.
-1
Calculate 1 + 4 - (3 + 25 + -15).
-8
What is the value of 9 - (4 + 11 - 5)?
-1
-7 + 4 + -4 + 1
-6
-10 - (2 + -12 + (5 - 0))
-5
What is the value of -8 + (10 - (10 + -2 + -4))?
-2
4 + 4 + -6 + (4 - 3)
3
Calculate 3 - (5 - 0 - 3).
1
What is 0 - (2 - -2 - 9)?
5
What is -3 + (0 - -4) - -4?
5
Calculate -1 - (-3 + -1 - (-19 + 12)).
-4
What is the value of -2 - -6 - (0 - (-5 - -1))?
0
Evaluate -3 - -3 - 2 - -6.
4
Calculate 5 + (2 - -4) + -5.
6
-10 - (3 - -4 - 18)
1
Calculate 0 - (1 + 4 + -1 + -4).
0
What is 0 - -3 - (-11 + 17)?
-3
Calculate (-4 - (-3 - 6) - 6) + 3.
2
Evaluate (0 - 1 - 0) + (-2 - -3).
0
What is -2 - (2 - 5 - -3)?
-2
Evaluate (4 - 2 - -2) + (1 - 5).
0
What is the value of -3 - ((-16 - -17) + (1 - 1))?
-4
What is -2 + (-6 + 6 - -8)?
6
What is the value of -3 + (-4 - -3 - -4 - -5)?
5
(-4 + 5 - -4) + 0
5
What is 0 - (3 - (1 + -1) - 8)?
5
What is the value of 3 + 0 - (8 + (0 - -1))?
-6
What is the value of -145 + 145 + -1 + 5?
4
(4 - 3) + 0 + -1
0
What is (4 - 1 - (11 + -7)) + 6?
5
Evaluate -1 + 0 + -1 + (-10 - -7).
-5
Calculate (4 + -3 - 2) + -1 + 6.
4
Evaluate (-34 + 13 - -12) + 12.
3
What is the value of 5 + -1 + -4 + -4 - -2?
-2
Evaluate (-13 - -18) + 6 + -6.
5
What is the value of -9 + (5 - -1) + 3?
0
Calculate -1 + 0 - (34 + -34).
-1
(11 - 1) + 10 + -21
-1
What is the value of 1 + -11 + 4 + 2?
-4
Evaluate 3 - ((3 - 6) + 1 + 0).
5
What is (4 - 7 - 3) + 5 + -3?
-4
What is the value of -30 - -35 - (-2 + (-3 - -5))?
5
What is (-3 - (-7 - 0)) + -7?
-3
-2 - (0 - (1 - -1))
0
What is the value of 2 - (5 + 1 + -2 - 8)?
6
Evaluate -2 + (-2 + 3 - -2).
1
Evaluate 1 + (1 - (-3 + -1 + 2)).
4
Evaluate 1 + 3 + -6 - (-4 + 2).
0
What is the value of -9 + 5 + 1 + 3?
0
What is (-38 - -43) + (-12 - 0)?
-7
What is the value of -2 + 7 - (25 + -26)?
6
What is -13 - (-7 + 6 + -2)?
-10
Calculate -7 - (-4 + 4 + 0 + -4).
-3
-1 - (-3 + (-4 - -3))
3
0 - (-7 - -17) - (-1 - 4)
-5
Calculate 2 + (4 + -2 - 2).
2
Evaluate -7 + 2 + (17 - (16 - 5)).
1
Evaluate 5 + -8 - -7 - (2 - -1).
1
(2 - (4 - 6)) + 3
7
Calculate 7 + (0 - (2 + 3)).
2
Calculate -7 + (-3 - -10) - 7.
-7
Evaluate -4 + -3 + 1 + (7 - 8).
-7
What is the value of 5 - ((9 - 17) + 15)?
-2
What is 8 + -8 + (2 + 2 - 2)?
2
Evaluate 4 - (8 - (-1 - -10)).
5
6 - ((9 - 3) + -9)
9
4 + (0 - 1) + 25 + -25
3
What is (5 + 0 - 0 - 2) + -3?
0
Calculate (2 + -5 - (-31 - -24)) + -10.
-6
Calculate -1 + -9 + (-5 + 11 - 2).
-6
What is the value of -10 + 5 + 4 + (5 - 1)?
3
Calculate -12 - ((-10 - 8) + 12).
-6
-5 + 1 + 0 - (-29 - -22)
3
What is (2 - (2 - 1)) + 1 + 1?
3
-7 + 2 + 7 + 0
2
What is the value of -3 + (-6 - (-8 + -1))?
0
Evaluate (-1 - 3) + (16 - 9) + -3.
0
Calculate -1 - (5 + -5) - (-3 + 1).
1
What is 2 - ((-8 - 2 - -4) + 0)?
8
What is -3 + (2 - 2) - 2?
-5
-3 - ((-3 - -4) + -2)
-2
What is the value of -1 + (-4 - -6 - -1) - -3?
5
What is -11 + 3 + 3 - (-1 - -1)?
-5
What is 1 + -7 + (23 - 22)?
-5
What is (11 - (-1 - -5)) + -5?
2
-1 - 6 - (-6 + 0)
-1
What is -5 + 13 - ((0 - 2) + 6)?
4
21 - (-4 - -31) - (2 - 9)
1
Calculate -5 - 2 - (-5 + -3).
1
What is the value of -8 - (1 - (15 - 3))?
3
-2 - ((0 + 1 - -1) + -3)
-1
Evaluate (-196 - -200) + 0 + -11 + 1.
-6
What is the value of 17 + -18 + -1 + 10?
8
2 - -12 - 7 - 12
-5
What is -7 + 1 - ((11 - 40) + 14)?
9
What is the value of -5 - (-8 + 13) - -13?
3
Calculate -2 + (-9 - -12) - (-3 - 0).
4
Calculate 16 - (-10 + (9 - -11)).
6
(-11 - -2) + 2 + -4 + 10
-1
What is the value of (6 - -1) + 19 + -30?
-4
Calculate (58 - 64) + (-2 - -3) + 0.
-5
Calculate 13 - 7 - (1 + -2 + 2).
5
Calculate 4 + 0 + -3 - 4.
-3
What is the value of -20 + 17 - (-6 + 1 - 0)?
2
What is -5 + -2 + 3 + 1?
-3
-6 + (-4 - -5) + 12 + -4
3
Evaluate 10 + -9 + -11 - -10.
0
What is 0 - ((9 - 2) + -2)?
-5
Evaluate (-4 - 2) + (-14 - -17) - 4.
-7
What is the value of 4 + 1 + (-3 - (0 - 1))?
3
Calculate (2 - 7) + 2 + -5 + 7.
-1
Evaluate -3 - ((-12 - -6) + 6 + -1).
-2
3 + 5 + (7 - (1 - -5))
9
What is the value of 571 + -577 - (1 - 0 - 6)?
-1
Calculate -7 + (-1 + 3 - -1).
-4
Calculate -3 - -4 - (0 + (1 - -3)).
-3
Evaluate -104 + 100 + (0 - -10) + -1.
5
Calculate (-3 - -5 - (-2 - -6)) + 5.
3
Calculate -3 - (2 + -7) - -1.
3
16 + -19 + (0 - 1)
-4
What is (3 - -4) + -2 + (0 - 1)?
4
What is (4 - 4) + 2 + 2 + 1?
5
Calculate -3 - ((0 - (-4 - -1)) + -3).
-3
What is (7 - 10) + -1 + 4?
0
Evaluate 0 - (-5 - -12) - -11.
4
(1 - -1) + (6 - 10)
-2
What is the value of (1 - -1) + -10 + (22 - 8)?
6
Calculate (-1 - (4 + -7)) + 3.
5
What is -3 - (-2 - (-4 - -4)) - -2?
1
What is 1 + -8 + 0 + 2 + 1?
-4
Evaluate 0 - (-5 + 2 + 6).
-3
-2 - (-2 - (3 + 0))
3
Evaluate -2 + 6 - 7 - -2.
-1
(3 + 0 - (-31 + 28)) + -4
2
(-73 - -76) + (-1 - 7)
-5
What is 2 + -3 + 0 + 5?
4
What is the value of -7 + 8 + -1 + (59 - 67)?
-8
Calculate (-17 - -13) + (3 - 0).
-1
What is -15 + 12 - (0 + (1 - -1))?
-5
Calculate 16 + -19 + (5 - 1).
1
What is the value of -4 - (-17 - (-5 + -4))?
4
Calculate 25 - 17 - (0 - -14).
-6
Calculate (-3 - (-6 + 0)) + -1.
2
Evaluate 1 + -6 - (-19 - -16).
-2
Calculate 0 - (-3 - (1 - 3)).
1
Evaluate -5 + 9 + -3 + (-3 - -3).
1
Evaluate 4 + 3 + -11 + 3.
-1
Evaluate 2 - ((-4 - (-1 + -8)) + -4).
1
What is -2 - (-7 + 2 - -8)?
-5
Calculate -4 - -3 - 1 - (-8 + 11).
-5
What is the value of 0 + (-1 - -5) + 1?
5
Calculate 4 - ((7 - 5) + 4) - 3.
-5
7 + -6 + 0 + -1 - -8
8
Calculate (5 - 3) + (0 - 0) + -1.
1
What is the value of -4 + (-24 - -13) + 17?
2
What is (-49 - -47) + (-1 - 4)?
-7
What is the value of -4 - (-8 + 3 + -6)?
7
What is 